{"id":150,"date":"2017-03-03T16:03:59","date_gmt":"2017-03-03T16:03:59","guid":{"rendered":"http:\/\/blog.goteo.coop\/?page_id=150"},"modified":"2018-12-19T11:48:54","modified_gmt":"2018-12-19T11:48:54","slug":"medio-ambiente-y-sostenibilidad","status":"publish","type":"page","link":"https:\/\/blog.goteo.coop\/?page_id=150","title":{"rendered":"FORMACI\u00d3N Y BICICLETA"},"content":{"rendered":"<h2>EDUCACI\u00d3N AMBIENTAL<\/h2>\n<p>En Goteo venimos desarrollando a lo largo de nuestra trayectoria proyectos educativos que tienen como fin promover una conciencia ambiental y transmitir la importancia que tiene el cambio de h\u00e1bitos a nivel individual y colectivo para la conservaci\u00f3n del medio ambiente y la creaci\u00f3n de sociedades m\u00e1s saludables y justas.<\/p>\n<h3>TALLERES INTEGRALES DE BICICLETA Y MOVILIDAD<\/h3>\n<p>Goteo realiza talleres integrales sobre bicicleta para empoderar a potenciales usuarios a circular por la ciudad de una manera segura, \u00e1gil y respetuosa. Partimos de la idea de que se pueden generar h\u00e1bitos de movilidad activa en las ciudades, desde los ciudadanos de a pi\u00e9. Contamos con diversos a\u00f1os de experiencia en la educaci\u00f3n en valores y el apoyo a diferentes grupos a transitar a medios de transporte m\u00e1s limpios. A trav\u00e9s de la empat\u00eda, y el uso de diversas metodolog\u00edas de participaci\u00f3n, generamos climas para la exploraci\u00f3n y la transformaci\u00f3n. Utilizando la bicicleta como herramienta para la educaci\u00f3n ambiental, el empoderamiento de grupos vulnerables y la transformaci\u00f3n urbana.<\/p>\n<p>Estamos formadas en la metodolog\u00eda <a href=\"http:\/\/unabicimas.com\/\">Una Bici M\u00e1s<\/a>. y formamos parte de la RED Factor\u00eda CIclista.<\/p>\n<p><a href=\"http:\/\/blog.goteo.coop\/wp-content\/uploads\/2017\/03\/fact_ciclista.png\"><img loading=\"lazy\" decoding=\"async\" class=\" wp-image-189 aligncenter\" src=\"http:\/\/blog.goteo.coop\/wp-content\/uploads\/2017\/03\/fact_ciclista-300x133.png\" alt=\"\" width=\"402\" height=\"178\" srcset=\"https:\/\/blog.goteo.coop\/wp-content\/uploads\/2017\/03\/fact_ciclista-300x133.png 300w, https:\/\/blog.goteo.coop\/wp-content\/uploads\/2017\/03\/fact_ciclista.png 607w\" sizes=\"auto, (max-width: 402px) 100vw, 402px\" \/><\/a><\/p>\n<p>Colaboramos en el proyecto <strong>&#8216;Me Muevo&#8217; <\/strong>de acompa\u00f1amiento a la infancia y adolescencia en una movilidad activa:<\/p>\n<p>Algunos ejemplos de talleres de promoci\u00f3n de la bicicleta y la movilidad sostenibles que hemos realizado son:<\/p>\n<p><strong>Taller de bicicleta, reciclaje y mec\u00e1nica b\u00e1sica para ni\u00f1os y ni\u00f1as<\/strong>. Junto a <strong>CEAR en la Semana Europea de la Movilidad 2018<\/strong><\/p>\n<p><strong>Empoderamiento ciclista para chicas. Goteo S. Coop. Mad. junto al AMPA del IES Juan de la Cierva. Madrid. Noviembre de 2017. <\/strong>Dise\u00f1o y puesta en marcha de este taller que aplica una perspectiva feminista a la visi\u00f3n de la ciudad y la movilidad para trabajar el empoderamiento de adolescentes, utilizando la bicicleta como herramienta educativa.<\/p>\n<p><strong>Talleres bicicleta y Movilidad Sostenible dentro del programa europeo STARS (Sustainable Travel Accreditation and Recognision for Schools) y el Programa Educar Hoy por un Madrid m\u00e1s Sostenible. Ambos Ayuntamiento de Madrid. Junio, octubre &#8211; diciembre 2014. Octubre &#8211; diciembre 2013.<\/strong><\/p>\n<p>Dise\u00f1o y ejecuci\u00f3n de talleres para la capacitaci\u00f3n en destreza y mec\u00e1nica ciclista en 21 centros p\u00fablicos de educaci\u00f3n primaria y secundaria de Madrid adscritos al programa de la Uni\u00f3n Europea STARS, de promoci\u00f3n de la bicicleta como medio de transporte escolar. Dirigidos a profesorado, padres, madres y alumnos.<\/p>\n<p><strong>Talleres de bicicleta y Movilidad Sostenible en la dinamizaci\u00f3n del Centro Integral de la bicicleta y la Movilidad Sostenible de la UAM.<\/strong><\/p>\n<p>La campa\u00f1a de promoci\u00f3n del CibiUAM durante la Semana Europea de la Movilidad de 2010 fue premio Buenas Pr\u00e1cticas 2010 en la categor\u00eda de entidades de la Semana Europea de la Movilidad, concedido por el Ministerio de Medio Ambiente y Recursos Marinos.<\/p>\n<h2><u>\u00a1Ama a tu bici! Promoci\u00f3n de la cultura Ciclista. La bicicleta como herramienta de transformaci\u00f3n social.<br \/>\n<\/u><\/h2>\n<p>Charlas y talleres de Mec\u00e1nica y destreza ciclista, para aprender a montar en bici, rutas en bici por la ciudad. Son algunas de las actividades que hemos desarrollado para la promoci\u00f3n de la cultura Ciclista y la sostenibilidad.<\/p>\n<h3>CARAVANA UNIVERSITARIA POR LA MOVILIDAD SOSTENIBLE<\/h3>\n<p>Goteo co-dise\u00f1a y coordina este proyecto Interuniversitario en sus ediciones de 2009 y 2010, que une las seis Universidades P\u00fablicas de Madrid en una ruta ciclista de una semana, combinando alguna ruta con transporte p\u00fablico. Estudiantes voluntarios se unen a este proyecto donde difundir en cada una de las universidades a las que llegaba la caravana ciclista la importancia de adoptar una movilidad m\u00e1s sostenible: un festival de cortos, pasacalles, juegos, paseos en t\u00e1ndems y triciclos, son algunas de las actividades que se llevaron en cada una de las universidades en un d\u00eda que dedicaba cada Universidad a la reflexi\u00f3n sobre la movilidad sostenible. En el a\u00f1o 2011 y 2012 goteo realiz\u00f3 junto con la Oficina Ecocampus las activdades de la Caravana en la UAM.<\/p>\n<p>&nbsp;<\/p>\n","protected":false},"excerpt":{"rendered":"<p>EDUCACI\u00d3N AMBIENTAL En Goteo venimos desarrollando a lo largo de nuestra trayectoria proyectos educativos que tienen como fin promover una conciencia ambiental y transmitir la importancia que tiene el cambio <a class=\"more-link\" href=\"https:\/\/blog.goteo.coop\/?page_id=150\">Contin\u00faa leyendo \u2192<\/a><\/p>\n","protected":false},"author":1,"featured_media":0,"parent":84,"menu_order":0,"comment_status":"closed","ping_status":"closed","template":"","meta":{"footnotes":""},"class_list":["post-150","page","type-page","status-publish","hentry"],"_links":{"self":[{"href":"https:\/\/blog.goteo.coop\/index.php?rest_route=\/wp\/v2\/pages\/150","targetHints":{"allow":["GET"]}}],"collection":[{"href":"https:\/\/blog.goteo.coop\/index.php?rest_route=\/wp\/v2\/pages"}],"about":[{"href":"https:\/\/blog.goteo.coop\/index.php?rest_route=\/wp\/v2\/types\/page"}],"author":[{"embeddable":true,"href":"https:\/\/blog.goteo.coop\/index.php?rest_route=\/wp\/v2\/users\/1"}],"replies":[{"embeddable":true,"href":"https:\/\/blog.goteo.coop\/index.php?rest_route=%2Fwp%2Fv2%2Fcomments&post=150"}],"version-history":[{"count":9,"href":"https:\/\/blog.goteo.coop\/index.php?rest_route=\/wp\/v2\/pages\/150\/revisions"}],"predecessor-version":[{"id":190,"href":"https:\/\/blog.goteo.coop\/index.php?rest_route=\/wp\/v2\/pages\/150\/revisions\/190"}],"up":[{"embeddable":true,"href":"https:\/\/blog.goteo.coop\/index.php?rest_route=\/wp\/v2\/pages\/84"}],"wp:attachment":[{"href":"https:\/\/blog.goteo.coop\/index.php?rest_route=%2Fwp%2Fv2%2Fmedia&parent=150"}],"curies":[{"name":"wp","href":"https:\/\/api.w.org\/{rel}","templated":true}]}}