{"id":39,"date":"2013-07-05T00:10:07","date_gmt":"2013-07-05T00:10:07","guid":{"rendered":"http:\/\/blog.goteo.coop\/?page_id=39"},"modified":"2020-09-03T14:05:05","modified_gmt":"2020-09-03T14:05:05","slug":"inicio","status":"publish","type":"page","link":"https:\/\/blog.goteo.coop\/","title":{"rendered":"Goteo. Cultura Sostenible."},"content":{"rendered":"<p>Goteo es una cooperativa de iniciativa social, sin \u00e1nimo de lucro, dedicada a la promoci\u00f3n de la sostenibilidad en todos sus \u00e1mbitos; a crear espacios de investigaci\u00f3n y aplicaci\u00f3n de la movilidad sostenible, la educaci\u00f3n ambiental y el desarrollo comunitario, y a difundir el modelo de empresa cooperativa como alternativa social y de autoempleo.<br \/>\nNuestras \u00e1reas de trabajo son la consultor\u00eda, formaci\u00f3n, dise\u00f1o y ejecuci\u00f3n de proyectos en las \u00e1reas de: movilidad sostenible, educaci\u00f3n ambiental y facilitaci\u00f3n de procesos de desarrollo comunitario.<\/p>\n<p>Nacimos en el 2008, en el seno de la UAM para trabajar desde y para la promoci\u00f3n de la\u00a0bicicleta, la\u00a0movilidad sostenible\u00a0y la\u00a0econom\u00eda social. Nuestro proyecto comenz\u00f3 con la idea de gestionar el servicio de pr\u00e9stamo de bicicletas en la Universidad desde un proyecto de econom\u00eda solidaria, pero una perspectiva integral de la movilidad sostenible y un equipo diverso ha multiplicado nuestras aspiraciones y proyectos.<\/p>\n<p>Tras m\u00e1s de 10 a\u00f1os de trayectoria goteo cuenta con tres l\u00edneas de trabajo, tres socios y un extenso grupo de colaboradores que apoyan para sostener este sue\u00f1o de promoci\u00f3n de la bicicleta y la sostenibilidad, desde el cooperativismo.<\/p>\n<p>Goteo S. Coop. somos:<br \/>\n-Un espacio dedicado a la sostenibilidad y la bicicleta (tienda-taller cooperativo, compartido con ciclo-mensajer\u00edas) que es el proyecto <a href=\"http:\/\/fixidixi.com\/shop\/\"><strong>Fixi Dixi-Bike Coop<\/strong><\/a> en la calle Embajadores, 29.<br \/>\n-Una l\u00ednea de proyectos educativos y de consultor\u00eda en las \u00e1reas de movilidad sostenible, feminismos, emprendimiento social y desarrollo comunitario.<br \/>\n-Y una l\u00ednea de proyectos de cooperaci\u00f3n interncional dedicados a la movilidad sostenible en pa\u00edses emergentes; con base en la ciudad de Maputo en Mozambique.<\/p>\n<p>&nbsp;<\/p>\n<p>&nbsp;<\/p>\n","protected":false},"excerpt":{"rendered":"<p>Goteo es una cooperativa de iniciativa social, sin \u00e1nimo de lucro, dedicada a la promoci\u00f3n de la sostenibilidad en todos sus \u00e1mbitos; a crear espacios de investigaci\u00f3n y aplicaci\u00f3n de <a class=\"more-link\" href=\"https:\/\/blog.goteo.coop\/\">Contin\u00faa leyendo \u2192<\/a><\/p>\n","protected":false},"author":1,"featured_media":0,"parent":0,"menu_order":0,"comment_status":"closed","ping_status":"closed","template":"","meta":{"footnotes":""},"class_list":["post-39","page","type-page","status-publish","hentry"],"_links":{"self":[{"href":"https:\/\/blog.goteo.coop\/index.php?rest_route=\/wp\/v2\/pages\/39","targetHints":{"allow":["GET"]}}],"collection":[{"href":"https:\/\/blog.goteo.coop\/index.php?rest_route=\/wp\/v2\/pages"}],"about":[{"href":"https:\/\/blog.goteo.coop\/index.php?rest_route=\/wp\/v2\/types\/page"}],"author":[{"embeddable":true,"href":"https:\/\/blog.goteo.coop\/index.php?rest_route=\/wp\/v2\/users\/1"}],"replies":[{"embeddable":true,"href":"https:\/\/blog.goteo.coop\/index.php?rest_route=%2Fwp%2Fv2%2Fcomments&post=39"}],"version-history":[{"count":8,"href":"https:\/\/blog.goteo.coop\/index.php?rest_route=\/wp\/v2\/pages\/39\/revisions"}],"predecessor-version":[{"id":192,"href":"https:\/\/blog.goteo.coop\/index.php?rest_route=\/wp\/v2\/pages\/39\/revisions\/192"}],"wp:attachment":[{"href":"https:\/\/blog.goteo.coop\/index.php?rest_route=%2Fwp%2Fv2%2Fmedia&parent=39"}],"curies":[{"name":"wp","href":"https:\/\/api.w.org\/{rel}","templated":true}]}}